 - r. Is q a composite number?
False
Let w be (3 - -16)/1 + 0. Suppose -5 = -4*y + w. Suppose -2*a + y = 2*i - 758, -2*i + 749 = -3*a. Is i composite?
False
Is (4 - -10 - 15)/((-3)/((-190089)/(-1))) a prime number?
False
Let i = -1339 + 1341. Let l = 10 - 7. Suppose i*n + 0*n - l*r = 124, -n - r = -67. Is n prime?
False
Let g(z) = 589*z**2 + 13*z + 20. Let h be g(-3). Suppose -2*c = -4*c + h. Is c composite?
True
Let s(d) = -144*d - 41. Let a(r) = r - 22. Let k be a(13). Is s(k) prime?
False
Let b(f) = 3*f**3 + 8*f**2 - 26*f + 14. Is b(15) prime?
True
Suppose 67*o - 4940647 = 30*o - 30*o. Is o prime?
False
Suppose 2031*m + 1647415 = 2036*m + 3*z, 3*m + 5*z = 988433. Is m a composite number?
True
Let y(p) be the first derivative of -2*p**3/3 - 37*p**2 + 23*p + 16. Is y(-31) composite?
True
Let g(q) = -q**3 - 14*q**2 + 3*q + 58. Let x be g(-14). Suppose -15*w = -x*w - c + 589, -5*w - 2*c + 2939 = 0. Is w a composite number?
False
Let d = -567 - -360. Let u = 136 + d. Let p = 95 - u. Is p a composite number?
True
Let n(v) = -v**3 - 7*v**2 + 6*v - 14. Let d be n(-8). Suppose 0 = -u - u - 2, -d*u = o + 45. Let p = 646 - o. Is p composite?
True
Suppose 0 = g + 3*g - 8. Let p be (g/2 + -123)*(-63)/14. Suppose -w + p = -4*a, 0*w + 1665 = 3*w - 3*a. Is w composite?
False
Let d(s) = -17289*s**2 + 5*s + 13. Let z(a) = a**2 + 1. Let t(g) = -d(g) + 5*z(g). Is t(-1) a prime number?
True
Let k(b) = -b**2 + 15*b - 14. Let w be k(14). Is 4 + -2*(-6605 - w)*1 prime?
False
Let g(w) = -54342*w - 47. Is g(-1) a prime number?
False
Suppose 6*g - 7*g + 2*s + 213345 = 0, 1066716 = 5*g - s. Is g a composite number?
True
Let u = -6544 - -9467. Is u prime?
False
Let y = -19 + -15. Let r = y + 43. Let o(w) = 36*w + 37. Is o(r) prime?
False
Suppose -15*c + 4605688 = 4*c - 1433899. Is c composite?
True
Suppose -2*d + 15*q + 771021 = 16*q, 3*q + 1927536 = 5*d. Is (-30)/(-105) + d/7 prime?
True
Let m(n) = 2*n**3 + 4*n**2 - 4*n + 1. Let d be m(1). Is -4 + 0/(-3) + 25269/d prime?
True
Suppose -4*b + 5*u + 562993 = 0, -2*b + 3*u + 325705 = 44212. Is b a prime number?
False
Let g(a) = 18*a**2 + 14*a - 34. Let s(r) = 9*r**2 + 7*r - 17. Let n(v) = 4*g(v) - 7*s(v). Is n(-11) composite?
True
Suppose -416*a + 248*a + 3304174 = -95234714. Is a prime?
True
Let s = 158213 - 79882. Is s a prime number?
False
Let o(d) = -23*d - 184. Let x be o(-8). Suppose x = -3*v - 15, 15*b + v = 16*b - 3724. Is b prime?
True
Let k = 5 + -11. Let d be (30/8)/(k/264). Let p = d - -331. Is p a prime number?
False
Let p = 52 + -50. Suppose -w - 19 = -6*w + 4*i, 10 = p*w - i. Suppose -w*r = -12*r + 1370. Is r composite?
True
Let a = 2069081 + -1333510. Is a a composite number?
False
Let w(x) = -x**3 + 689*x**2 + 723*x**2 - 1384*x**2 + 23 - 21*x. Is w(24) prime?
True
Let b = -331919 - -516288. Is b a prime number?
True
Let u(q) = 5044*q**3 + 3*q**2 - 2*q. Let c = -84 - -85. Is u(c) a prime number?
False
Let m(n) = -n**3 - 24*n**2 + 38*n + 15. Let c be -1 - (-5 + (24 - -6)). Is m(c) prime?
True
Let p(q) = 55*q**2 - 52*q + 464. Is p(-29) a prime number?
False
Let q(l) = -l - 19*l**3 - 5*l**2 - l + 39*l**3. Let y be q(4). Is (1/(8/12))/(6/y) prime?
False
Let t(u) be the third derivative of u**4/24 - 8*u**2. Let q be t(2). Suppose -q*h = 5*y - 1008, -1501 = 2*h - 5*h - 2*y. Is h composite?
False
Let o(k) = 18*k**2 + 24*k + 6. Let a be o(-16). Let h = 7169 - a. Is h prime?
True
Suppose -11*q + 120 + 496 = 0. Suppose 38*w = q*w - 29394. Is w a composite number?
True
Suppose -14598 = -2*h - 3*y + 46901, -4*h = 3*y - 123013. Is h a prime number?
True
Let c(f) = 465*f**3 + f**2 - 44*f + 195. Is c(6) composite?
True
Let k(x) = -x**3 + 5*x**2 + 13*x + 10. Let v be k(7). Suppose -3*a = 13 - 4, 3*c + 4*a - 2208 = 0. Suppose l - 185 = 2*y, 6*l + v*y = 2*l + c. Is l prime?
False
Let n = -41179 - -80980. Is n a composite number?
True
Suppose -5*j + 1719955 = 5*v, v = -4*v + 3*j + 1719955. Is v a prime number?
False
Suppose -52*v - 3*a = -54*v - 6057, 0 = 5*v + a + 15185. Is (-13)/(13/v) + (-1 - -2) a prime number?
True
Suppose 0 = 7*l - 4*l - 303. Let h = 292 - l. Suppose 4*f = 1579 - h. Is f composite?
False
Let n = 3815 + -1859. Suppose 5*v - 4849 - n = 0. Is v composite?
False
Suppose 0 = 17*b - 13*b + 8. Let c(s) = s**2 - 4*s - 8. Let o be c(b). Suppose 3*q - 2*x - 1240 = 4669, o*x + 5911 = 3*q. Is q a composite number?
True
Let z(h) = -h**2 + 5*h + 545. Let a = -12 + 12. Is z(a) composite?
True
Let c be (9*(-3)/(-9))/((-2)/24). Let o = c + 42. Let a(x) = -x**3 + 6*x**2 + 10*x + 11. Is a(o) composite?
False
Let k = 30010 + -6643. Is k composite?
True
Suppose 0 = 10*v + 34*o - 33*o - 730065, -5*v + 365015 = 4*o. Is v prime?
False
Let w(k) = -18*k**3 + 7*k + 16. Let j be w(-4). Let m = 1835 - j. Suppose -f - 4*g + 863 = 0, -g + 3696 + m = 5*f. Is f a composite number?
True
Suppose y - 62270 = s, -5*s = y + 3*y - 249089. Suppose -10*n = -y + 7961. Suppose -5*m = q - n, -m + 1071 = 5*q - q. Is m prime?
True
Suppose -5*q = -4*x + 5, 3*q + 1 = 2*x - 0. Suppose -x*h = -6*h + 97. Let v = h - -300. Is v a prime number?
True
Suppose 0 = -10*v + 4*v - 306. Let j = -51 - v. Suppose 2*q - 508 = -2*h, -q - 2*q + 2*h + 787 = j. Is q a composite number?
True
Is ((-145)/232)/(3/24)*(-54037)/5 prime?
True
Suppose -5*g = -z + 3211, 4*z - 627 = g - 0*g. Let i = g - -1720. Is i a composite number?
True
Let o(m) = -3*m**3 - 19*m**2 - 85*m - 290. Is o(-15) composite?
True
Suppose -15*z = -4*a - 17*z + 570620, -2*a + z = -285318. Is a a composite number?
False
Let g(h) = 8*h**2 - 2. Let a be g(-4). Suppose a*j - 1239 = 123*j. Is j a composite number?
True
Suppose -13*m = -14*m + 134. Let o be (-3)/(-2) - 4/(16/m). Is (368/o)/((-2)/20) a composite number?
True
Suppose -i + p + 6937 = 0, -4*i + p = -17941 - 9825. Is i composite?
True
Let j(b) = 30*b**3 - 23*b**2 + 57*b + 133. Is j(21) prime?
False
Suppose 12 = -4*q + 10*q. Suppose -q*i - 12 = i, -2*i - 5 = -z. Is 9466/z*24/(-16) a composite number?
False
Let s(n) = 2*n + 74. Let w be s(-35). Suppose -4*j + 2*j = -x + 22611, w*x = -j + 90453. Is x a composite number?
False
Suppose 2*s - 297237 = -3*b, 3*b + 17*s = 14*s + 297237. Is b a prime number?
True
Suppose -26*k = -28*k - h + 1026, 0 = 5*h + 10. Is 33/22*(-1 + k/6) composite?
False
Suppose 0 = 4*h - 3*h - 7485. Let k = -5234 + h. Is k composite?
False
Suppose -2*p + 23 + 35 = -4*l, 15 = -5*l. Let s = p + -8. Suppose -s*c + 18*c - 177 = 0. Is c prime?
True
Let j(d) = -21*d**3 + d**2 + 19*d + 213. Is j(-8) a prime number?
False
Let f(g) = 3*g**3 + g**2 - 2*g + 1. Let v be f(1). Is v + -12*(-88218)/27 composite?
True
Suppose 3*r = -d + 70369, d - 27554 - 42821 = -4*r. Is d a prime number?
True
Suppose 16*c - 117 = 19*c. Let g = -35 - c. Is 4/(-26) - ((-6820)/52 + g) composite?
False
Let b be (-747)/(-153) + 2/17. Is -1 - ((-20)/100 - 27189/b) composite?
False
Let n(y) be the second derivative of y**4/3 + 5*y**3/6 + 53*y**2/2 + 2*y + 11. Is n(14) prime?
True
Suppose 3*y - 481 + 15841 = 0. Let j = -1518 - y. Is (-3)/2*j/(-3) a composite number?
False
Let l(r) be the third derivative of 785*r**4/24 + 4*r**3 - 32*r**2. Is l(11) composite?
True
Let v be (-21)/63 - (3925/(-3) - -2). Let d = -2344 - -1445. Let l = d + v. Is l a prime number?
False
Let s(y) = 3*y - 53. Let r be s(18). Is 13 - (4 - -4) - r*-629 a prime number?
False
Suppose 3*l + 6*h - 30 = 2*h, -4*l - 2*h = -30. Suppose -l*t + 630 = -5370. Let z = t + -597. Is z prime?
False
Let h(p) be the third derivative of -2*p**4/3 + 3*p**3 + 5*p**2. Let k(d) = -2*d**2 + 5*d + 1. Let c be k(4). Is h(c) a composite number?
True
Let a(o) = 26664*o - 22915. Is a(75) a prime number?
False
Suppose 29*y = 34*y - 3*x - 168517, -4*x + 134788 = 4*y. Is y a prime number?
False
Let j = 34 + -19. Suppose -9*w = -4*w - j. Suppose -446 = -3*v + u, -w*v - 4*u + 474 = 23. Is v composite?
False
Let t be (-10 + (-152)/(-20))/(1/1835). Let d = 1153 - t. Is d prime?
True
Suppose -9*s + 69 + 39 = 0. Let a be 693 - 3*(-4)/s. Suppose -3*j - a + 2527 = 0. Is j composite?
True
Let w(b) be the first derivative of 5*b**4/4 + b**3/3 - 15*b**2/2 - 21*b + 9. Let o be w(-15). Is (3 + (-22)/6)*o/4 a composite number?
False
Let s(f) = -15*f**3 - 2*f - 10*f**2 - 6 - 12 + 7*f. Is s(-8) a composite number?
True
Let s(q) = 3*q 